0101001000000?
-1011000001101100101001000101
In base 8, what is 267025413 - 13?
267025400
In base 15, what is 6474a + -85b?
63dde
In base 7, what is 1445 - -63521?
65266
In base 3, what is -120 + -1010120001201022?
-1010120001201212
In base 5, what is 2414001111 - -1111?
2414002222
In base 8, what is 26406 - 1354?
25032
In base 11, what is -1972 - 11721?
-13593
In base 15, what is a35 + 54b?
1081
In base 6, what is -3053 - -3021103?
3014010
In base 5, what is 1230132434 - -124?
1230133113
In base 10, what is 1970 - -54774?
56744
In base 10, what is 96756 + 16357?
113113
In base 4, what is -33321313120 + 12?
-33321313102
In base 9, what is -24788603 + -12?
-24788615
In base 2, what is -1101101000000101 + 111000?
-1101100111001101
In base 11, what is 870a9867 - 4?
870a9863
In base 4, what is 2100 + 11213002?
11221102
In base 8, what is 22 - -330550316?
330550340
In base 11, what is -693 + 359854?
359171
In base 7, what is 0 - -2306603024?
2306603024
In base 13, what is -42046 + 40a?
-41939
In base 10, what is 1 - -316837747?
316837748
In base 11, what is -886661 + -1?
-886662
In base 4, what is 20 - 1112113230312?
-1112113230232
In base 9, what is 133824852 + -2?
133824850
In base 8, what is -16470575 - 55?
-16470652
In base 2, what is 1100001010000100100011110 - -1?
1100001010000100100011111
In base 6, what is -4345 - 21104?
-25453
In base 2, what is -11 + 101100100110101110001101110?
101100100110101110001101011
In base 13, what is 329c6c + 122?
32a091
In base 11, what is 0 + -6897465?
-6897465
In base 14, what is -d43c3 + -3b?
-d4420
In base 14, what is -d008 + -7a8?
-d7b2
In base 4, what is -10 - 1213003313011?
-1213003313021
In base 9, what is 827 + -114782?
-113854
In base 11, what is 565 - 1980a7?
-197642
In base 5, what is 10 - -34244212?
34244222
In base 9, what is 5 + -60220004?
-60218888
In base 16, what is -1bb + -44f1a?
-450d5
In base 16, what is ce + -4713e3?
-471315
In base 13, what is -173935 + -34?
-173969
In base 12, what is -31b010 - -329?
-31a8a3
In base 12, what is -3 - -8330865?
8330862
In base 4, what is 20311001231 + -113?
20311001112
In base 14, what is 641 - c4250?
-c3a0d
In base 15, what is -3e41287e + -2?
-3e412881
In base 14, what is -329 - -b6595?
b626a
In base 11, what is 72 - -54501?
54573
In base 8, what is -467741 + 131?
-467610
In base 6, what is -11053203 + -31?
-11053234
In base 2, what is -1001001110011010 - 1111010?
-1001010000010100
In base 6, what is -31 + -242141411?
-242141442
In base 16, what is -20a + -da8?
-fb2
In base 10, what is 13742 + 13?
13755
In base 2, what is 1110000000000111100 + -1101000101?
1101111110011110111
In base 9, what is 1556 - -16588?
18255
In base 16, what is -40063 + 32?
-40031
In base 16, what is 8b - 1cff86?
-1cfefb
In base 11, what is -25959984 + -5?
-25959989
In base 6, what is -514222 - -30031?
-444151
In base 11, what is -100 - -87179?
87079
In base 9, what is -126 + 38717?
38581
In base 12, what is -2131724 + -84?
-21317a8
In base 9, what is 3130041 - -14?
3130055
In base 10, what is -36159 + -105?
-36264
In base 4, what is -12132000333 - -2?
-12132000331
In base 16, what is 601 + -f88?
-987
In base 8, what is 4 - 20700441?
-20700435
In base 2, what is -1011011011010101011100110 - 101?
-1011011011010101011101011
In base 10, what is 704383 - -10?
704393
In base 7, what is 146114 - -43530?
222644
In base 4, what is -32 - -121320130230?
121320130132
In base 13, what is 895a6c + 22?
895a91
In base 14, what is bb1672 + -3?
bb166d
In base 12, what is -47a5a - -1a8?
-47872
In base 15, what is 283c32b - -5?
283c331
In base 4, what is 2110220 - -2303321?
11020201
In base 16, what is -9434 - -f?
-9425
In base 6, what is 1300 - -3252312?
3254012
In base 5, what is -2403141 + 41000?
-2312141
In base 12, what is -1 + -b737213?
-b737214
In base 8, what is 1424744 - -521?
1425465
In base 12, what is -5887249 - -a?
-588723b
In base 10, what is 751361 - 36?
751325
In base 11, what is -547 - 13485?
-13a21
In base 9, what is -33 - 3820777?
-3820821
In base 11, what is 67a921 - 15?
67a907
In base 16, what is c7 + -c3b61?
-c3a9a
In base 11, what is -2774 + 82519?
7a855
In base 10, what is -47694113 - 3?
-47694116
In base 4, what is -233030131 - -13?
-233030112
In base 2, what is -1 + -110111100100110010000?
-110111100100110010001
In base 14, what is 1a4 - -2b95?
2d59
In base 3, what is -10011 - 10120221020?
-10121001101
In base 10, what is 7 - -105751?
105758
In base 3, what is 10202222100120 - -10102?
10202222110222
In base 2, what is -10110010010000 - -1001011001?
-10101000110111
In base 12, what is 1a + -393864?
-393846
In base 10, what is -4 + 91347635?
91347631
In base 7, what is 1313046642 + -15?
1313046624
In base 7, what is -16511 - -11441?
-5040
In base 3, what is -100001011011222 - 22?
-100001011012021
In base 11, what is 53980 - 1030?
52950
In base 16, what is -31 + ed464e?
ed461d
In base 5, what is 400444 - 12043?
333401
In base 11, what is -23 + 4194443?
4194420
In base 10, what is 105 - 145464?
-145359
In base 14, what is 2388cc4 + -29?
2388c99
In base 15, what is -327 - -508?
1d1
In base 10, what is 4 + 20592804?
20592808
In base 10, what is 7224 - -5245?
12469
In base 4, what is 0 + -13333321201?
-13333321201
In base 16, what is -f4ef + 938?
-ebb7
In base 5, what is -21140240244 - 142?
-21140240441
In base 6, what is -2 - -113204040?
113204034
In base 11, what is -109 - 1458048?
-1458156
In base 8, what is 115 - -2016460?
2016575
In base 10, what is 805471930 + -5?
805471925
In base 14, what is -1b659 + -62?
-1b6bb
In base 11, what is -a - 2813589?
-2813598
In base 14, what is -1 + -441551c?
-441551d
In base 6, what is -1 - -1310022350?
1310022345
In base 2, what is 1101010100100100 + 10000101100011?
1111011010000111
In base 4, what is 31 + -132113021232?
-132113021201
In base 7, what is 2 - 34254306?
-34254304
In base 5, what is -4334040 + 311?
-4333224
In base 6, what is 150 + -2113054?
-2112504
In base 11, what is 207a - aa2?
1088
In base 10, what is 307 - 4858?
-4551
In base 8, what is 44002 + 423?
44425
In base 14, what is -72b7c + 96?
-72ac6
In base 16, what is 1acead - 5?
1acea8
In base 4, what is -1330200021302231 + -10?
-1330200021302301
In base 8, what is 2 - -156660231?
156660233
In base 3, what is -10000111222201 + 1000?
-10000111221201
In base 6, what is 454545 + -14510?
440035
In base 7, what is 101635 + -4635?
64000
In base 6, what is -125 + -3102304?
-3102433
In base 4, what is 3 + -11022233230?
-11022233221
In base 13, what is -112b + 28c03?
27aa5
In base 9, what is 3886426 + -14?
3886412
In base 4, what is 113330032 + 330?
113331022
In base 4, what is -23 - 3103011202?
-3103011231
In base 8, what is -247746704 + -16?
-247746722
In base 6, what is 154005535545 - -5?
154005535554
In base 16, what is -2edef9 + -5?
-2edefe
In base 8, what is 60 - -6112500?
6112560
In base 12, what is 114b0ba + 68?
114b166
In base 11, what is 0 + 123a6411?
123a6411
In base 10, what is 0 + 13493829?
13493829
In base 15, what is 6 + -388b8?
-388b2
In base 14, what is -39 - 10943?
-1097c
In base 14, what is 50792b - -4?
507931
In base 14, what is 20a - -4698ba?
469ac6
In base 15, what is 23 - 3dc0e?
-3dbdb
In base 12, what is 2236 + -18599?
-16363
In base 13, what is 1153a3b - 2?
1153a39
In base 3, what is -211 - -211221220201?
211221212220
In base 16, what is 17662c + 3?
17662f
In base 11, what is 605 - 2143?
-1639
In base 10, what is -11 + 399965?
399954
In base 8, what is 32 - 4170511?
-4170457
In base 8, what is 15375435 - 11?
15375424
In base 15, what is -7668ccb - 1?
-7668ccc
In base 15, what is 142 + 16a6e7?
16a839
In base 6, what is 23425 + -5521455?
-5454030
In base 2, what is -110110101110111110 - 11010111?
-110110110010010101
In base 15, what is -3a70b + 1e?
-3a6dc
In base 4, what is -1010310331 + 3012?
-1010301313
In base 6, what is 0 + -1001255431?
-1001255431
In base 13, what is 905 - 2653?
-1a4b
In base 15, what is -6 + -1372c2?
-1372c8
In base 13, what is 582808 - 1b?
5827ba
In base 11, what is -15800a2 - 7?
-15800a9
In base 9, what is 45032007 - -70?
45032077
In base 7, what is 11025562 - -14?
11025606
In base 13, what is -2bcc6 - -c41?
-2b085
In base 8, what is 1 - -5165672?
5165673
In base 5, what is -2323212 + 202?
-2323010
In base 16, what is -1b654 - -382?
-